{"id":20,"date":"2022-05-01T15:55:03","date_gmt":"2022-05-01T15:55:03","guid":{"rendered":"https:\/\/impreza50.us-themes.com\/?page_id=20"},"modified":"2024-11-07T21:00:31","modified_gmt":"2024-11-07T21:00:31","slug":"nosotros","status":"publish","type":"page","link":"https:\/\/makau.cl\/espaciog2\/nosotros\/","title":{"rendered":"Nosotros"},"content":{"rendered":"<section class=\"l-section wpb_row height_auto\"><div class=\"l-section-h i-cf\"><div class=\"g-cols vc_row via_grid cols_1 laptops-cols_inherit tablets-cols_inherit mobiles-cols_1 valign_top type_default stacking_default\"><div class=\"wpb_column vc_column_container us_custom_c0267350 has_bg_color\"><div class=\"vc_column-inner\"><h1 class=\"w-text us_custom_a297a480\"><span class=\"w-text-h\"><span class=\"w-text-value\">NOSOTROS<\/span><\/span><\/h1><\/div><\/div><\/div><\/div><\/section><section class=\"l-section wpb_row height_custom width_custom\" style=\"--site-content-width:1100px;\"><div class=\"l-section-h i-cf\"><div class=\"g-cols vc_row via_grid cols_1-2 laptops-cols_inherit tablets-cols_1 mobiles-cols_1 valign_top type_default stacking_default\"><div class=\"wpb_column vc_column_container\"><div class=\"vc_column-inner\"><h2 class=\"w-text us_custom_9e82da13\"><span class=\"w-text-h\"><span class=\"w-text-value\">\u00a1Movimiento es vida!<\/span><\/span><\/h2><\/div><\/div><div class=\"wpb_column vc_column_container\"><div class=\"vc_column-inner\"><div class=\"wpb_text_column us_custom_c4a107f8\"><div class=\"wpb_wrapper\"><p style=\"text-align: justify;\">En Espacio G2 ofrecemos a las personas y familias un espacio deportivo de excelencia, inspirado en incentivar el bienestar f\u00edsico de la comunidad y entregar valores inherentes al deporte y la vida sana.<\/p>\n<p style=\"text-align: justify;\">Estamos ubicados en Curauma, Valpara\u00edso.<\/p>\n<p style=\"text-align: justify;\">Tenemos excelentes instalaciones y un equipo de trabajo que nos permite ofrecerles la pr\u00e1ctica de diversas actividades deportivas y de recreaci\u00f3n en un ambiente muy bonito, agradable y seguro.<\/p>\n<\/div><\/div><\/div><\/div><\/div><\/div><\/section>\n","protected":false},"excerpt":{"rendered":"NOSOTROS\u00a1Movimiento es vida!En Espacio G2 ofrecemos a las personas y familias un espacio deportivo de excelencia, inspirado en incentivar el bienestar f\u00edsico de la comunidad y entregar valores inherentes al deporte y la vida sana. Estamos ubicados en Curauma, Valpara\u00edso. Tenemos excelentes instalaciones y un equipo de trabajo que nos permite ofrecerles la pr\u00e1ctica de...","protected":false},"author":1,"featured_media":0,"parent":0,"menu_order":0,"comment_status":"closed","ping_status":"closed","template":"","meta":{"footnotes":""},"class_list":["post-20","page","type-page","status-publish","hentry"],"_links":{"self":[{"href":"https:\/\/makau.cl\/espaciog2\/wp-json\/wp\/v2\/pages\/20","targetHints":{"allow":["GET"]}}],"collection":[{"href":"https:\/\/makau.cl\/espaciog2\/wp-json\/wp\/v2\/pages"}],"about":[{"href":"https:\/\/makau.cl\/espaciog2\/wp-json\/wp\/v2\/types\/page"}],"author":[{"embeddable":true,"href":"https:\/\/makau.cl\/espaciog2\/wp-json\/wp\/v2\/users\/1"}],"replies":[{"embeddable":true,"href":"https:\/\/makau.cl\/espaciog2\/wp-json\/wp\/v2\/comments?post=20"}],"version-history":[{"count":13,"href":"https:\/\/makau.cl\/espaciog2\/wp-json\/wp\/v2\/pages\/20\/revisions"}],"predecessor-version":[{"id":362,"href":"https:\/\/makau.cl\/espaciog2\/wp-json\/wp\/v2\/pages\/20\/revisions\/362"}],"wp:attachment":[{"href":"https:\/\/makau.cl\/espaciog2\/wp-json\/wp\/v2\/media?parent=20"}],"curies":[{"name":"wp","href":"https:\/\/api.w.org\/{rel}","templated":true}]}}