{"id":636,"date":"2024-11-08T15:11:54","date_gmt":"2024-11-08T15:11:54","guid":{"rendered":"https:\/\/makau.cl\/causaastral2\/?page_id=636"},"modified":"2024-11-13T20:49:42","modified_gmt":"2024-11-13T20:49:42","slug":"columnas","status":"publish","type":"page","link":"https:\/\/makau.cl\/causaastral2\/columnas\/","title":{"rendered":"Columnas"},"content":{"rendered":"<section class=\"l-section wpb_row height_large width_custom\" style=\"--site-content-width:1200px;\"><div class=\"l-section-h i-cf\"><div class=\"g-cols vc_row via_grid cols_1 laptops-cols_inherit tablets-cols_inherit mobiles-cols_1 valign_top type_default stacking_default\"><div class=\"wpb_column vc_column_container\"><div class=\"vc_column-inner\"><div class=\"wpb_text_column\"><div class=\"wpb_wrapper\"><h4><span style=\"color: #fad348;\">Columnas<\/span><\/h4>\n<\/div><\/div><div class=\"w-separator size_medium\"><\/div><div class=\"w-grid columnas type_grid layout_blog_1 cols_3 with_css_animation\" id=\"us_grid_1\" style=\"--gap:1.5rem;\" data-filterable=\"true\"><style>@media (max-width:1024px){#us_grid_1 .w-grid-item{width:50%}}@media (max-width:600px){#us_grid_1 .w-grid-list{margin:0}#us_grid_1 .w-grid-item{width:100%;padding:0;margin-bottom:var(--gap,0px)}}.layout_blog_1 .w-grid-item-h{}.layout_blog_1 .usg_post_image_1{margin-bottom:0.5rem!important}.layout_blog_1 .usg_post_title_1{font-size:1rem!important}<\/style><div class=\"w-grid-list\">\t<article class=\"w-grid-item us_animate_afb size_1x1 post-706 post type-post status-publish format-standard has-post-thumbnail hentry category-informacion\" data-id=\"706\" style=\"animation-delay:0s\">\r\n\t\t<div class=\"w-grid-item-h\">\r\n\t\t\t\t\t\t<div class=\"w-post-elm post_image usg_post_image_1 stretched\"><a href=\"https:\/\/makau.cl\/causaastral2\/los-elementos\/\" aria-label=\"Los Elementos\"><img loading=\"lazy\" decoding=\"async\" width=\"800\" height=\"450\" src=\"https:\/\/makau.cl\/causaastral2\/wp-content\/uploads\/2024\/11\/elementos-carta-astral.jpg\" class=\"attachment-large size-large wp-post-image\" alt=\"\" srcset=\"https:\/\/makau.cl\/causaastral2\/wp-content\/uploads\/2024\/11\/elementos-carta-astral.jpg 800w, https:\/\/makau.cl\/causaastral2\/wp-content\/uploads\/2024\/11\/elementos-carta-astral-300x169.jpg 300w, https:\/\/makau.cl\/causaastral2\/wp-content\/uploads\/2024\/11\/elementos-carta-astral-600x338.jpg 600w\" sizes=\"auto, (max-width: 800px) 100vw, 800px\" \/><\/a><\/div><h2 class=\"w-post-elm post_title usg_post_title_1 entry-title color_link_inherit\"><a href=\"https:\/\/makau.cl\/causaastral2\/los-elementos\/\">Los Elementos<\/a><\/h2>\t\t<\/div>\r\n\t\t\t<\/article>\r\n\t<article class=\"w-grid-item us_animate_afb size_1x1 post-704 post type-post status-publish format-standard has-post-thumbnail hentry category-informacion\" data-id=\"704\" style=\"animation-delay:0.1s\">\r\n\t\t<div class=\"w-grid-item-h\">\r\n\t\t\t\t\t\t<div class=\"w-post-elm post_image usg_post_image_1 stretched\"><a href=\"https:\/\/makau.cl\/causaastral2\/los-aspectos\/\" aria-label=\"Los Aspectos\"><img loading=\"lazy\" decoding=\"async\" width=\"800\" height=\"450\" src=\"https:\/\/makau.cl\/causaastral2\/wp-content\/uploads\/2024\/11\/aspectos-carta-astral.jpg\" class=\"attachment-large size-large wp-post-image\" alt=\"\" srcset=\"https:\/\/makau.cl\/causaastral2\/wp-content\/uploads\/2024\/11\/aspectos-carta-astral.jpg 800w, https:\/\/makau.cl\/causaastral2\/wp-content\/uploads\/2024\/11\/aspectos-carta-astral-300x169.jpg 300w, https:\/\/makau.cl\/causaastral2\/wp-content\/uploads\/2024\/11\/aspectos-carta-astral-600x338.jpg 600w\" sizes=\"auto, (max-width: 800px) 100vw, 800px\" \/><\/a><\/div><h2 class=\"w-post-elm post_title usg_post_title_1 entry-title color_link_inherit\"><a href=\"https:\/\/makau.cl\/causaastral2\/los-aspectos\/\">Los Aspectos<\/a><\/h2>\t\t<\/div>\r\n\t\t\t<\/article>\r\n\t<article class=\"w-grid-item us_animate_afb size_1x1 post-702 post type-post status-publish format-standard has-post-thumbnail hentry category-informacion\" data-id=\"702\" style=\"animation-delay:0.2s\">\r\n\t\t<div class=\"w-grid-item-h\">\r\n\t\t\t\t\t\t<div class=\"w-post-elm post_image usg_post_image_1 stretched\"><a href=\"https:\/\/makau.cl\/causaastral2\/como-se-determina-la-posicion-de-los-planetas-en-la-carta-astral\/\" aria-label=\"Co\u0301mo se determina la posicio\u0301n de los planetas en la Carta Astral\"><img loading=\"lazy\" decoding=\"async\" width=\"800\" height=\"450\" src=\"https:\/\/makau.cl\/causaastral2\/wp-content\/uploads\/2024\/11\/posicion-planetas-carta-astral.jpg\" class=\"attachment-large size-large wp-post-image\" alt=\"\" srcset=\"https:\/\/makau.cl\/causaastral2\/wp-content\/uploads\/2024\/11\/posicion-planetas-carta-astral.jpg 800w, https:\/\/makau.cl\/causaastral2\/wp-content\/uploads\/2024\/11\/posicion-planetas-carta-astral-300x169.jpg 300w, https:\/\/makau.cl\/causaastral2\/wp-content\/uploads\/2024\/11\/posicion-planetas-carta-astral-600x338.jpg 600w\" sizes=\"auto, (max-width: 800px) 100vw, 800px\" \/><\/a><\/div><h2 class=\"w-post-elm post_title usg_post_title_1 entry-title color_link_inherit\"><a href=\"https:\/\/makau.cl\/causaastral2\/como-se-determina-la-posicion-de-los-planetas-en-la-carta-astral\/\">Co\u0301mo se determina la posicio\u0301n de los planetas en la Carta Astral<\/a><\/h2>\t\t<\/div>\r\n\t\t\t<\/article>\r\n\t<article class=\"w-grid-item us_animate_afb size_1x1 post-700 post type-post status-publish format-standard has-post-thumbnail hentry category-informacion\" data-id=\"700\" style=\"animation-delay:0.3s\">\r\n\t\t<div class=\"w-grid-item-h\">\r\n\t\t\t\t\t\t<div class=\"w-post-elm post_image usg_post_image_1 stretched\"><a href=\"https:\/\/makau.cl\/causaastral2\/alcanzar-la-mejor-version-de-nosotros-mismos\/\" aria-label=\"Alcanzar la mejor versio\u0301n de nosotros mismos: Entender &#8211; Aceptar &#8211; Trabajar\"><img loading=\"lazy\" decoding=\"async\" width=\"800\" height=\"450\" src=\"https:\/\/makau.cl\/causaastral2\/wp-content\/uploads\/2024\/11\/mejor-version-de-ti.jpg\" class=\"attachment-large size-large wp-post-image\" alt=\"\" srcset=\"https:\/\/makau.cl\/causaastral2\/wp-content\/uploads\/2024\/11\/mejor-version-de-ti.jpg 800w, https:\/\/makau.cl\/causaastral2\/wp-content\/uploads\/2024\/11\/mejor-version-de-ti-300x169.jpg 300w, https:\/\/makau.cl\/causaastral2\/wp-content\/uploads\/2024\/11\/mejor-version-de-ti-600x338.jpg 600w\" sizes=\"auto, (max-width: 800px) 100vw, 800px\" \/><\/a><\/div><h2 class=\"w-post-elm post_title usg_post_title_1 entry-title color_link_inherit\"><a href=\"https:\/\/makau.cl\/causaastral2\/alcanzar-la-mejor-version-de-nosotros-mismos\/\">Alcanzar la mejor versio\u0301n de nosotros mismos: Entender &#8211; Aceptar &#8211; Trabajar<\/a><\/h2>\t\t<\/div>\r\n\t\t\t<\/article>\r\n\t<article class=\"w-grid-item us_animate_afb size_1x1 post-693 post type-post status-publish format-standard has-post-thumbnail hentry category-informacion\" data-id=\"693\" style=\"animation-delay:0.4s\">\r\n\t\t<div class=\"w-grid-item-h\">\r\n\t\t\t\t\t\t<div class=\"w-post-elm post_image usg_post_image_1 stretched\"><a href=\"https:\/\/makau.cl\/causaastral2\/astrologia-y-ciencia\/\" aria-label=\"Astrolog\u00eda y ciencia\"><img loading=\"lazy\" decoding=\"async\" width=\"800\" height=\"450\" src=\"https:\/\/makau.cl\/causaastral2\/wp-content\/uploads\/2024\/11\/astrologia-ciencia.jpg\" class=\"attachment-large size-large wp-post-image\" alt=\"\" srcset=\"https:\/\/makau.cl\/causaastral2\/wp-content\/uploads\/2024\/11\/astrologia-ciencia.jpg 800w, https:\/\/makau.cl\/causaastral2\/wp-content\/uploads\/2024\/11\/astrologia-ciencia-300x169.jpg 300w, https:\/\/makau.cl\/causaastral2\/wp-content\/uploads\/2024\/11\/astrologia-ciencia-600x338.jpg 600w\" sizes=\"auto, (max-width: 800px) 100vw, 800px\" \/><\/a><\/div><h2 class=\"w-post-elm post_title usg_post_title_1 entry-title color_link_inherit\"><a href=\"https:\/\/makau.cl\/causaastral2\/astrologia-y-ciencia\/\">Astrolog\u00eda y ciencia<\/a><\/h2>\t\t<\/div>\r\n\t\t\t<\/article>\r\n\t<article class=\"w-grid-item us_animate_afb size_1x1 post-691 post type-post status-publish format-standard has-post-thumbnail hentry category-informacion\" data-id=\"691\" style=\"animation-delay:0.5s\">\r\n\t\t<div class=\"w-grid-item-h\">\r\n\t\t\t\t\t\t<div class=\"w-post-elm post_image usg_post_image_1 stretched\"><a href=\"https:\/\/makau.cl\/causaastral2\/la-carta-astral-como-mapa-de-navegacion\/\" aria-label=\"La Carta Astral como mapa de navegaci\u00f3n\"><img loading=\"lazy\" decoding=\"async\" width=\"800\" height=\"450\" src=\"https:\/\/makau.cl\/causaastral2\/wp-content\/uploads\/2024\/11\/carta-astral-mapa-navegacion.jpg\" class=\"attachment-large size-large wp-post-image\" alt=\"\" srcset=\"https:\/\/makau.cl\/causaastral2\/wp-content\/uploads\/2024\/11\/carta-astral-mapa-navegacion.jpg 800w, https:\/\/makau.cl\/causaastral2\/wp-content\/uploads\/2024\/11\/carta-astral-mapa-navegacion-300x169.jpg 300w, https:\/\/makau.cl\/causaastral2\/wp-content\/uploads\/2024\/11\/carta-astral-mapa-navegacion-600x338.jpg 600w\" sizes=\"auto, (max-width: 800px) 100vw, 800px\" \/><\/a><\/div><h2 class=\"w-post-elm post_title usg_post_title_1 entry-title color_link_inherit\"><a href=\"https:\/\/makau.cl\/causaastral2\/la-carta-astral-como-mapa-de-navegacion\/\">La Carta Astral como mapa de navegaci\u00f3n<\/a><\/h2>\t\t<\/div>\r\n\t\t\t<\/article>\r\n\t<article class=\"w-grid-item us_animate_afb size_1x1 post-649 post type-post status-publish format-standard has-post-thumbnail hentry category-informacion\" data-id=\"649\" style=\"animation-delay:0s\">\r\n\t\t<div class=\"w-grid-item-h\">\r\n\t\t\t\t\t\t<div class=\"w-post-elm post_image usg_post_image_1 stretched\"><a href=\"https:\/\/makau.cl\/causaastral2\/estamos-predeterminados-por-nuestra-carta-astral\/\" aria-label=\"\u00bfEstamos predeterminados por nuestra Carta Astral?\"><img loading=\"lazy\" decoding=\"async\" width=\"800\" height=\"450\" src=\"https:\/\/makau.cl\/causaastral2\/wp-content\/uploads\/2024\/11\/predeterminados-por-carta-astral.jpg\" class=\"attachment-large size-large wp-post-image\" alt=\"\" srcset=\"https:\/\/makau.cl\/causaastral2\/wp-content\/uploads\/2024\/11\/predeterminados-por-carta-astral.jpg 800w, https:\/\/makau.cl\/causaastral2\/wp-content\/uploads\/2024\/11\/predeterminados-por-carta-astral-300x169.jpg 300w, https:\/\/makau.cl\/causaastral2\/wp-content\/uploads\/2024\/11\/predeterminados-por-carta-astral-600x338.jpg 600w\" sizes=\"auto, (max-width: 800px) 100vw, 800px\" \/><\/a><\/div><h2 class=\"w-post-elm post_title usg_post_title_1 entry-title color_link_inherit\"><a href=\"https:\/\/makau.cl\/causaastral2\/estamos-predeterminados-por-nuestra-carta-astral\/\">\u00bfEstamos predeterminados por nuestra Carta Astral?<\/a><\/h2>\t\t<\/div>\r\n\t\t\t<\/article>\r\n\t<article class=\"w-grid-item us_animate_afb size_1x1 post-650 post type-post status-publish format-standard has-post-thumbnail hentry category-informacion\" data-id=\"650\" style=\"animation-delay:0.1s\">\r\n\t\t<div class=\"w-grid-item-h\">\r\n\t\t\t\t\t\t<div class=\"w-post-elm post_image usg_post_image_1 stretched\"><a href=\"https:\/\/makau.cl\/causaastral2\/que-es-la-carta-astral-y-como-se-construye\/\" aria-label=\"\u00bfQu\u00e9 es la Carta Astral y c\u00f3mo se construye?\"><img loading=\"lazy\" decoding=\"async\" width=\"800\" height=\"450\" src=\"https:\/\/makau.cl\/causaastral2\/wp-content\/uploads\/2024\/11\/como-se-construye-carta-astral.jpg\" class=\"attachment-large size-large wp-post-image\" alt=\"\" srcset=\"https:\/\/makau.cl\/causaastral2\/wp-content\/uploads\/2024\/11\/como-se-construye-carta-astral.jpg 800w, https:\/\/makau.cl\/causaastral2\/wp-content\/uploads\/2024\/11\/como-se-construye-carta-astral-300x169.jpg 300w, https:\/\/makau.cl\/causaastral2\/wp-content\/uploads\/2024\/11\/como-se-construye-carta-astral-600x338.jpg 600w\" sizes=\"auto, (max-width: 800px) 100vw, 800px\" \/><\/a><\/div><h2 class=\"w-post-elm post_title usg_post_title_1 entry-title color_link_inherit\"><a href=\"https:\/\/makau.cl\/causaastral2\/que-es-la-carta-astral-y-como-se-construye\/\">\u00bfQu\u00e9 es la Carta Astral y c\u00f3mo se construye?<\/a><\/h2>\t\t<\/div>\r\n\t\t\t<\/article>\r\n<\/div><div class=\"w-grid-preloader\">\t<div class=\"g-preloader type_1\">\r\n\t\t<div><\/div>\r\n\t<\/div>\r\n\t<\/div>\t<div class=\"w-grid-json hidden\" onclick='return {&quot;action&quot;:&quot;us_ajax_grid&quot;,&quot;infinite_scroll&quot;:0,&quot;max_num_pages&quot;:1,&quot;pagination&quot;:&quot;none&quot;,&quot;template_vars&quot;:{&quot;columns&quot;:&quot;3&quot;,&quot;exclude_items&quot;:&quot;none&quot;,&quot;img_size&quot;:&quot;default&quot;,&quot;ignore_items_size&quot;:0,&quot;items_layout&quot;:&quot;blog_1&quot;,&quot;items_offset&quot;:&quot;1&quot;,&quot;load_animation&quot;:&quot;afb&quot;,&quot;overriding_link&quot;:&quot;%7B%22url%22%3A%22%22%7D&quot;,&quot;post_id&quot;:0,&quot;query_args&quot;:{&quot;post_type&quot;:[&quot;post&quot;],&quot;post_status&quot;:[&quot;publish&quot;],&quot;posts_per_page&quot;:&quot;200&quot;},&quot;orderby_query_args&quot;:{&quot;orderby&quot;:{&quot;date&quot;:&quot;DESC&quot;}},&quot;type&quot;:&quot;grid&quot;,&quot;us_grid_ajax_index&quot;:1,&quot;us_grid_filter_params&quot;:[],&quot;us_grid_index&quot;:1,&quot;_us_grid_post_type&quot;:&quot;post&quot;,&quot;page_args&quot;:[]}}'><\/div>\r\n\t<\/div><\/div><\/div><\/div><\/div><\/section>\n","protected":false},"excerpt":{"rendered":"Hay muchas definiciones que intentan explicar lo que es la Carta Astral. Podr\u00edamos decir que la Carta Astral nos muestra en qu\u00e9 posici\u00f3n del Hor\u00f3scopo est\u00e1n ubicados ciertos astros y planetas, con respecto al planeta Tierra, al momento del nacimiento de una persona. Para obtener esta fotograf\u00eda, necesitamos conocer con exactitud la fecha, hora y...","protected":false},"author":1,"featured_media":0,"parent":0,"menu_order":0,"comment_status":"closed","ping_status":"closed","template":"","meta":{"footnotes":""},"class_list":["post-636","page","type-page","status-publish","hentry"],"_links":{"self":[{"href":"https:\/\/makau.cl\/causaastral2\/wp-json\/wp\/v2\/pages\/636","targetHints":{"allow":["GET"]}}],"collection":[{"href":"https:\/\/makau.cl\/causaastral2\/wp-json\/wp\/v2\/pages"}],"about":[{"href":"https:\/\/makau.cl\/causaastral2\/wp-json\/wp\/v2\/types\/page"}],"author":[{"embeddable":true,"href":"https:\/\/makau.cl\/causaastral2\/wp-json\/wp\/v2\/users\/1"}],"replies":[{"embeddable":true,"href":"https:\/\/makau.cl\/causaastral2\/wp-json\/wp\/v2\/comments?post=636"}],"version-history":[{"count":9,"href":"https:\/\/makau.cl\/causaastral2\/wp-json\/wp\/v2\/pages\/636\/revisions"}],"predecessor-version":[{"id":732,"href":"https:\/\/makau.cl\/causaastral2\/wp-json\/wp\/v2\/pages\/636\/revisions\/732"}],"wp:attachment":[{"href":"https:\/\/makau.cl\/causaastral2\/wp-json\/wp\/v2\/media?parent=636"}],"curies":[{"name":"wp","href":"https:\/\/api.w.org\/{rel}","templated":true}]}}